72 + ((-25564)/3)/(-7) is divided by 175.
168
Let w(k) = -730*k + 30. Let g be w(-7). Suppose -976 = 6*u - g. What is the remainder when u is divided by 29?
27
Let j = -254 + 351. Suppose 568 + j = 19*b. Calculate the remainder when 101 is divided by b.
31
Suppose 25*z + 335 = 26*z - 4*m, z - m - 344 = 0. Suppose -3*x - z = -4*x + 2*i, -i + 335 = x. Calculate the remainder when x is divided by 11.
9
Let s = -53 + 58. Suppose 58 + 157 = s*k. Calculate the remainder when k is divided by 24.
19
Let q(y) = -2*y**3 - 30*y**2 + 3*y**3 + 24*y**2 + 2 - 14*y. What is the remainder when (-783)/(-15) + 2/(-10) is divided by q(8)?
16
Calculate the remainder when 346 is divided by (-55)/(-3)*(-264)/(-220).
16
Let g = -176 + 176. Suppose 378 = 5*j - g*y + y, 12 = 4*y. Calculate the remainder when j is divided by 45.
30
Suppose 0*t = -3*t - 45. Let a be (-18)/t*30/(-9). What is the remainder when 23 is divided by (((-16)/1)/a - -3)*1?
2
Calculate the remainder when (-18)/15 + 223782/285 is divided by 25.
9
Suppose j = -4*i + 37, 0 = 4*j + 4*i - 41 - 23. Calculate the remainder when 32 is divided by j.
5
Let b = -181 - -172. Let p(o) = -o**3 - 8*o**2 + 3*o - 18. Calculate the remainder when p(b) is divided by 9.
0
What is the remainder when ((-1314)/(-21))/((-142)/(-18389)) is divided by 121?
117
Let h = 368 - 360. Suppose -3*t - c + 74 = -h, 3*c = -t + 22. What is the remainder when 125 is divided by t?
13
Let h(u) = -3*u**3 - 32*u**2 - 115*u - 25. Calculate the remainder when h(-4) is divided by 4/10 - 126/(-10).
11
Suppose 0 = -3*s + 4*s - 4*l + 257, -4*s + 5*l = 1083. Let n = s - -306. What is the remainder when 144 is divided by n?
28
Let m(o) = o**2 + 21*o + 26. Let z be m(-15). What is the remainder when 8 - z - (-1 + 2) is divided by 38?
33
What is the remainder when 2096 is divided by 12420/966*(-14)/(-6)?
26
Suppose -126 = 238*i - 256*i. Let m = -18 + 21. What is the remainder when i is divided by m?
1
Let m = 3970 + -1528. Suppose -m = -22*i + 16*i. What is the remainder when i is divided by 24?
23
Suppose -4*s - 9 + 89 = 0. Calculate the remainder when -5*(52/(-8))/(40/16) is divided by -3*1/((-12)/s).
3
Let i be (1 - 0)*((5 - -17) + -3). Suppose 5*f = 14*r - i*r + 135, -39 = -r + 5*f. Calculate the remainder when 144 is divided by r.
28
Let x(b) = -2*b**2 - 17*b + 32. Let o(f) = 2 - 12*f + 14*f - 1 - 5. Calculate the remainder when o(9) is divided by x(-10).
0
Suppose -5*n = 4*i - 1516 - 33567, 0 = -n + 2*i + 6997. What is the remainder when n is divided by 14?
11
Let m = -398 - -404. Let b(j) = 10*j - 55. Suppose 0 = -3*x + x + 74. Calculate the remainder when x is divided by b(m).
2
Let g(d) = -14*d - 393. Calculate the remainder when 1089 is divided by g(-33).
54
Suppose -44*x + 1252 = -1168. Calculate the remainder when x is divided by 15.
10
Suppose -r - 17*f = -20*f - 88, -5*r + 2*f = -505. What is the remainder when 4117 is divided by r?
100
Suppose 0*w - z = 3*w - 460, -z = -5*w + 772. Let j be (18/135*-6)/(4/(-310)). Suppose w = 6*r - j. Calculate the remainder when r is divided by 10.
6
Let w = -913 + 1323. What is the remainder when w is divided by 139?
132
Suppose 7*m + 14 = 9*m. Suppose v + 3 = m. Suppose -37 = -v*l - 9. What is the remainder when 41 is divided by l?
6
Let j be 4 - ((-4)/10 + 88/(-55)). Let r(z) = 2*z**3 - 11*z**2 + 7*z - 53. What is the remainder when r(j) is divided by (-128)/(-9) + (-2)/9?
11
Calculate the remainder when 67 is divided by (-8)/(-18) + -516*(-1)/54.
7
Let n(t) = -2*t**2 + 11*t - 1. Let w be n(5). Suppose 3*g = -d + g + 31, 0 = -w*g - 20. Suppose d = 4*z - 111. Calculate the remainder when z is divided by 7.
3
Suppose 64*s - 52*s = 1823 + 541. What is the remainder when 789 is divided by s?
1
Suppose 5*j + 3*w - 14 - 14 = 0, -3*j = 5*w - 20. Let u be 250/(-40) + (j/4)/5. Calculate the remainder when 249 is divided by -2 - 261/u - (-3)/6.
39
Let o be 5/(-4) + 26730/(-120). Let u = o + 240. What is the remainder when u is divided by 6?
4
Suppose 2*h + s = 3*s + 34, 5*s + 25 = 0. What is the remainder when h is divided by 1/((-1)/(-2)*(6 - 5))?
0
Let a = 742 - 728. Let b = 21 - 19. Suppose -b*x + 67 = -125. Calculate the remainder when x is divided by a.
12
Let b(w) = -w**2 + 5*w - 4. Let o(k) = k**2 + k - 8. Let d be (-2*3)/(18/12). What is the remainder when o(d) is divided by b(3)?
0
Let o(b) = 2*b + 1. Let u be o(5). Suppose 0 = y + 1 - u. Let t(l) = -1272*l - 3783. Calculate the remainder when t(-3) is divided by y.
3
Let y(u) = -7*u**3 - 2*u**2 - 3*u - 1. Suppose 0 = -9*m + 4*m + 5*g + 1615, 3*g = 15. What is the remainder when m is divided by y(-1)?
6
Let m(h) = -8*h - 45. Let y be m(-4). Let q(x) = x**2 + 6*x - 47. Calculate the remainder when 87 is divided by q(y).
43
Let x be 3 - ((-11 - 2) + 1). Suppose -x*t + 886 = -1199. Let q = t - 82. Calculate the remainder when q is divided by 30.
27
Let z(g) = 15*g - 391. Calculate the remainder when 155 is divided by z(29).
23
Let r(a) = 1203*a + 349. Calculate the remainder when r(2) is divided by 24.
19
Let d be (4/3)/(2/(-240)). Let t = 216 + d. Calculate the remainder when 111 is divided by t.
55
Suppose -5*x - 1527 + 5672 = 0. Calculate the remainder when x is divided by -8 + 3 - (-269 + 160).
101
Let i be 70/105*(-9)/(-2). Suppose 4*h + 4*b - 30 = 54, i*b - 47 = -2*h. What is the remainder when h is divided by 5?
1
Let w = 1604 + -1585. Calculate the remainder when 5489 is divided by w.
17
Let s be ((-9)/(-6))/(7 + 1841/(-266)). Suppose s*z + 125 = 657. Calculate the remainder when 54 is divided by z.
26
Let n = -3254 - -3551. Calculate the remainder when 901 is divided by n.
10
Suppose -5*f = -4*v - 1, 12*v = -3*f + 7*v + 8. What is the remainder when 0/13 + (f - -192) + 1 is divided by 39?
38
Suppose 25*q + 9*q - 3933 = 4397. What is the remainder when q is divided by 62?
59
Let h(x) = 413*x + 854. Calculate the remainder when (1 - 6)*(-180)/12 is divided by h(-2).
19
Let p = -1959 + 2018. Suppose w = 4*l - 7 - 57, -5*l + 5*w + 95 = 0. What is the remainder when p is divided by l?
14
Suppose 315 = 4*h + 3*k, 21*h - 260 = 18*h - 7*k. Let z be ((-6)/7)/((-5)/35). Suppose z*r - 2*r - 152 = 0. What is the remainder when h is divided by r?
37
Suppose 1378*o - 1382*o + 220 = 0. Let l(y) = y + 4. Calculate the remainder when o is divided by l(4).
7
Suppose -3*d + 176 = -3*t + 2*t, -5*t = 4*d - 241. What is the remainder when 794 is divided by d?
27
Suppose 0*q + 164 = 4*q. What is the remainder when (49 + -81 + 30)*79/(-2) is divided by q?
38
Suppose 398 = -4*u - 5*k, -8*k + 4*k - 493 = 5*u. Let x = -11 - u. Calculate the remainder when x is divided by 36.
14
Suppose 4*a + 8 = 4*y, -a + 3*a = -2*y + 4. Suppose -3*z + 5*z + 154 = 2*t, a = t - 5*z - 73. Let v = t - 9. What is the remainder when v is divided by 14?
13
What is the remainder when 473 is divided by -9*11/(-33) - -74?
11
Let p(d) = 5*d - 1. Let i(n) = 3*n - 38. Let u be i(17). Suppose -2*l - 3*w = 3*l - 17, 5*w + u = 2*l. What is the remainder when p(l) is divided by 5?
4
Let u be 7/(4/(-10 - -6)). Let m(r) = 6*r + 61. What is the remainder when 263 is divided by m(u)?
16
Let k(n) = -7*n + 2*n + 7 + 3*n. Let l be k(6). Calculate the remainder when (-2*6/l)/((-99)/(-330)) is divided by 5.
3
Let l be (-2449)/(-2) - 4/8. Suppose l = 3*h + h. Suppose -2*k = 7*k - h. What is the remainder when k is divided by 4?
2
Let m = 43 - 22. Suppose 4*p + 5*c = 27 + 6, 5*c = 4*p - 63. Suppose -8*q = p*q - 1180. Calculate the remainder when q is divided by m.
17
Suppose -5*h + 382 = -2*c, 150 = 4*h + c - 166. Let n(o) = -2*o + 100. Let x be n(0). Let i = x - h. Calculate the remainder when 29 is divided by i.
7
Let i(r) = -6*r**3 + 2*r**2 - 3*r + 4*r**3 - 9*r**2. Calculate the remainder when i(-5) is divided by (434/21)/((-2)/(-3)).
28
Let c be ((-348)/(-5))/(120/800). Suppose 0 = -14*x + 5766 + c. What is the remainder when x is divided by 32?
29
Let n(h) = h**3 - 19*h**2 + 20*h - 30. Let q be n(18). Suppose q*s - 216 = -0*s. What is the remainder when s is divided by 15 - 1 - 0 - 1?
10
Let n(w) = -206*w - 102. What is the remainder when 6758 is divided by n(-1)?
102
Suppose 4*j + 72 = 2*u, -42*j + 246 = 5*u - 41*j. Calculate the remainder when u is divided by 13.
9
Suppose -12*z - 6 = -66. What is th